Let v = 28 + s. Let x(g) = 2*g**2 - 2*g + 17. Calculate the remainder when 65 is divided by x(v).
14
Suppose 62*g - 4059 + 339 = 0. What is the remainder when 330 is divided by g?
30
Suppose -2*j + 2 = 0, 3*t = -3*j + 213 - 48. Suppose -2*r = r - t. Suppose 4*w - 42 = -2. Calculate the remainder when r is divided by w.
8
Let q(c) = -7*c - 28. Suppose 3*z + 61 = 4*w + 2, -5*z - 5*w = 110. Let r(o) = o**2 - 11*o + 4. Calculate the remainder when q(z) is divided by r(13).
29
Let s be 2/(-12) + (-65)/6. Calculate the remainder when (-16)/(s + 7) + 69 is divided by 1*22 - 1 - -1.
7
Let l(a) = -a**3 - 4*a**2 - 3*a - 1. Let j be l(-2). Suppose 3*u = -2 - 1. What is the remainder when u/(j/(-105))*-1 is divided by 18?
17
Let l(o) = 52*o**2 - 2*o - 2. Let h be l(-1). Suppose 92 - h = 8*w. Calculate the remainder when 11 is divided by w.
1
Calculate the remainder when 789 is divided by 20/(-50)*-5*(2 + 9).
19
Let d = 13117 + -13104. What is the remainder when 733 is divided by d?
5
Suppose -3*q = -q + 4*j - 1590, -q = j - 798. Calculate the remainder when q is divided by 197.
13
Let j = -512 - -515. Suppose 0*h + 3*h + 150 = j*c, -5*c = -h - 234. What is the remainder when 156 is divided by c?
18
Suppose 2*t - 9492 = 16*t. Let n = 688 + t. Calculate the remainder when 168 is divided by n.
8
Let s(i) = 30*i - 222. Suppose 35 = 12*d - 121. Calculate the remainder when s(d) is divided by 57.
54
Let t = 109 + 10. Suppose -v + 3*x = 58, 3*v - 3*x = v - t. Let j = v - -77. What is the remainder when 93 is divided by j?
13
Suppose 937*b = 781*b + 110760. Calculate the remainder when b is divided by 238.
234
Suppose o + 4*o = 15, 0 = -2*j - 3*o + 101. Suppose 4*u - 250 = 14*u. What is the remainder when j is divided by -26 - u - 3*-5?
4
Suppose -19*u - 20 = -24*u. What is the remainder when 71 + u*2/24*9 is divided by 20?
14
Calculate the remainder when 260/39*(-96)/(-5) is divided by 11 + 3 - 3 - (0 + -1).
8
Let q = -37274 - -37461. Calculate the remainder when q is divided by 142.
45
Suppose 0 = 3*d + 3*t - 339, 3*t = 3*d + t - 364. What is the remainder when (-269)/(-2) - 295/d is divided by 68?
64
Let y(u) = -82*u**3 + u. Let l = -8 + 17. Suppose 2 = 7*v - l*v. Calculate the remainder when y(v) is divided by 14.
11
What is the remainder when (6/(-8))/(252/(-24864)) is divided by (-12)/5*35/(-2)?
32
Suppose -146*v = -134*v + 12. Suppose -5*s = -1188 + 343. What is the remainder when s is divided by -5 + (-384)/(-7 + v)?
40
Let q(v) = -v**3 + 7*v**2 + 7. Let x(k) = -k**3 - 20*k**2 - 48*k + 59. What is the remainder when x(-17) is divided by q(7)?
1
Let x = -219 - -455. Let m = x + -216. Calculate the remainder when 138 is divided by m.
18
Let d = 13058 + -12220. Calculate the remainder when d is divided by 17.
5
Suppose -154 = -5*i - 4*n, 2*i - n - 44 = 28. Let s = -10 + i. What is the remainder when -70*(-2 + (4 - 3)) is divided by s?
22
Suppose -5*n + n + 47 = f, 0 = -5*f + 3*n + 120. Suppose 12*q = 14*q - 3*r - f, -2*q = -r - 33. Calculate the remainder when 121 is divided by q.
13
Let x(s) = -24*s - 30. Let t be x(6). Let y = 219 + t. What is the remainder when 86 is divided by y?
41
Let b be (-2)/(-16) - (54/48 + -7). Suppose -3*f - 5*y = -38, y - b = f - 16. What is the remainder when 28 is divided by f?
6
Suppose -14*r + 323 = 57. Suppose -1764 = -r*h + 10*h. Calculate the remainder when h is divided by 11.
9
Let s = 1587 - 1171. Calculate the remainder when s is divided by 43.
29
Suppose 0 = -2*m + 2*x + 234, -110*m = -108*m + 4*x - 210. What is the remainder when 4405 is divided by m?
111
Suppose 296 = -2*z - 2*i + 1194, -3*z = i - 1349. Calculate the remainder when 2253 is divided by z.
3
Let q = 225 - 218. Suppose -3*m = 2*g - 504, -q*m + 2*m + 840 = -4*g. Calculate the remainder when m is divided by 9.
6
Suppose 61320 = -429*u + 464*u. What is the remainder when u is divided by 13?
10
Calculate the remainder when ((-9)/2 - -4)*(2 - 342) is divided by ((-114)/(-4))/(9/(28 + -10)).
56
Let o(n) = n**2 - 27*n + 199. Calculate the remainder when 717 is divided by o(15).
14
Suppose -2*w - p + 155 = 0, -28 = -w - 4*p + 46. What is the remainder when w is divided by (-124)/930 + ((-101)/(-4))/((-15)/(-28))?
31
What is the remainder when ((-668857)/(-1391) - 2*(-1)/13) + 6 is divided by 87?
52
Suppose o - 10 = -6. What is the remainder when 77 is divided by 15/3 - o - (-12)/1?
12
Let j = -161 + 178. Suppose 127 = -j*a + 1827. Calculate the remainder when a is divided by 29.
13
Let i = 23613 - 23524. What is the remainder when 6318 is divided by i?
88
Suppose 65 + 128 = 23*b - 129. Calculate the remainder when 6047 is divided by b.
13
Suppose -2645 = -3*h + 2*w, -2*h + 97*w + 1778 = 92*w. Let m = 892 - h. What is the remainder when 61 is divided by m?
9
Suppose 42*f + 19*f - 2928 = 0. What is the remainder when 729 is divided by f?
9
Let g(q) = -3*q**3 - 2*q**2 - 23*q - 70. Calculate the remainder when g(-4) is divided by 110.
72
Let s = 5174 - 5144. What is the remainder when 32 is divided by s?
2
Suppose 96*r - 59*r = 4958. What is the remainder when 210 is divided by r?
76
Calculate the remainder when 2008 is divided by (-659 + -2)/(2*-2 + (64 - 61)).
25
Let q = -105 - -106. Let a be 120/6 - (1 + q - -1). Calculate the remainder when 29 is divided by (-6)/(-3)*a/2.
12
Let q(p) = p**2 - 183*p - 2015. What is the remainder when 151 is divided by q(-11)?
32
Let s(d) = -d**3 + 80*d**2 - 70*d + 138. Calculate the remainder when s(79) is divided by 26.
17
Let q(j) = -j**3 + 2*j**2 + 2*j + 7. Let y be q(0). Suppose -g - 2*u = -80, y*g - 4*g + 4*u = 234. What is the remainder when 194 is divided by g?
46
Suppose -g = 3*f + 2*g - 5844, -f + 1894 = -5*g. Calculate the remainder when 5832 is divided by f.
15
Calculate the remainder when 1742 is divided by (-3 - (2 - 1) - (-360)/45) + 21.
17
Let u = 205 + -327. Suppose -14*g + 172 = -248. What is the remainder when g is divided by u/(-14) + (-18)/(-63)?
3
Suppose 0 = -9*j - 183072 + 189552. What is the remainder when j is divided by 173?
28
Let a = 4063 + -3981. What is the remainder when 263 is divided by a?
17
Let r(v) = 369*v + 6. Let x be r(1). Suppose -98*m + x = -95*m. What is the remainder when m is divided by 26?
21
Suppose 0 = 5*s + 57 + 23. Let n(p) = -p**3 - 17*p**2 - 18*p - 9. Suppose 13*k + 39*k = 2132. What is the remainder when k is divided by n(s)?
18
Suppose -4*v = -3*z - 39, 4 + 17 = 2*v - 3*z. Let g be ((-27 + 3)/2 + 1)*1. Let u(x) = x**2 + 12*x + 13. Calculate the remainder when v is divided by u(g).
1
Let a be (-56)/(-588) - (1 + 103/(-21)). Suppose 3*r - i - 56 = 20, a*r - 5*i - 116 = 0. What is the remainder when 117 is divided by r?
21
Suppose -2*x = -10, 0 = -3*s + s - 4*x + 58. Suppose 0 = -t + 1 + 5. What is the remainder when s is divided by t?
1
Suppose -2910*f + 2915*f = -2*w + 890, -5*f = 3*w - 1320. Calculate the remainder when 1336 is divided by w.
46
Let i = 207 + -296. Let q = 91 + i. Suppose 44 = 2*w + q. Calculate the remainder when 39 is divided by w.
18
Suppose 0 = -y + 5*h + 12, 21*y + 2*h = 16*y + 114. Let q = -14 - -69. What is the remainder when q is divided by y?
11
Let n(d) = -3*d - 19. Let k be n(-8). Let p(o) = 3*o - k - 8 + 1 - 1. Calculate the remainder when 60 is divided by p(10).
9
Suppose -178*q + 51*q = -105 - 2816. What is the remainder when 1100 is divided by q?
19
Suppose -5*d + f = 4*f - 46, -2*f = 4*d - 38. Suppose 4*g + 221 + 163 = 0. Let v = g - -125. Calculate the remainder when v is divided by d.
7
Let g(m) = -m**3 - 31*m**2 + 135*m - 35. Calculate the remainder when 831 is divided by g(-35).
131
Let n = -4263 - -4293. What is the remainder when 182 is divided by n?
2
Let u(g) = g**2 - 7*g + 16. Let t be u(9). Suppose -7*o + t = 20. What is the remainder when 12 is divided by o?
0
Let j(v) = v**2 - 24*v - 1040. What is the remainder when j(-38) is divided by 30?
26
Let q be (-22)/(-3) + 3/(-9). Suppose 0 = q*i - 90 - 309. Calculate the remainder when 169 is divided by i.
55
Suppose -2*q + 6*q = m + 1535, -4*m + 1903 = 5*q. What is the remainder when q is divided by 15?
8
Suppose -3094 = -2*o + 2*b, 375*o - 377*o - 4*b = -3082. What is the remainder when 6184 is divided by o?
4
Let q be 2*3 + (2 - (5 + 0)). Suppose q*u = 5*o + 2*u - 168, 2*o = -2*u + 